of a?
False
Let t(b) = -b**3 + 14*b**2 + b - 1. Is t(14) a multiple of 3?
False
Let f = -21 + 62. Is 11 a factor of f?
False
Let m be 40 + (1 - 1/(-1)). Let u = -20 + m. Is 14 a factor of u?
False
Let z(n) = n**3 - 4*n**2 - 5*n + 3. Let r be z(5). Suppose 4*h = r*m - 43, -2*m - 21 = 3*h - 78. Does 16 divide m?
False
Let c be 3*(-3 - (-39)/9). Is 17 a factor of 3546/63 + c/(-14)?
False
Let s be (-3)/2*4/(-3). Suppose -2*c + 93 = -5*h, -s*c = -2*h - 10 - 74. Suppose -4*p + p = -c. Is 13 a factor of p?
True
Let f(p) = -p**2 + 4*p - 5. Let s be f(5). Let t be (-10)/(-4)*s/(-5). Suppose -l + 32 = t. Is 27 a factor of l?
True
Let y = -9 - -21. Let u = 0 + -3. Is 7 a factor of y - (-3 - u) - 1?
False
Let g(l) = -21*l - 9. Is g(-18) a multiple of 41?
True
Let r(q) = 20*q**3 - 2*q**2 + 2*q - 1. Let c be r(1). Suppose 139 = 4*o + c. Does 15 divide o?
True
Suppose 2*u - 5*k - 110 = 0, 5*u - 244 = -0*k - 3*k. Suppose 2*w = 5*b - 215, -2*b = -b + w - u. Is 15 a factor of b?
True
Let p(r) = -r + 15. Let i be p(12). Suppose 14 = q + t - i*t, 2*q - 28 = t. Is q a multiple of 7?
True
Let k = 1 - 2. Let v be 25 + 1 + (k - 0). Suppose -2*b - 3*b = -v. Does 5 divide b?
True
Let w(i) = 65*i**2 - 2*i - 1. Is w(-1) a multiple of 17?
False
Let r(x) = -7*x. Let u be r(-2). Is ((-7)/u)/(1/(-180)) a multiple of 30?
True
Let t(z) = z**2 + 7*z + 5. Let o(y) = y**3 + 2*y**2 + y + 4. Suppose 2*w + 6 = -0. Let c be o(w). Does 13 divide t(c)?
True
Let k(z) = -z**2 + 11*z + 11. Let v(j) = -1. Let f(c) = -k(c) - 3*v(c). Let i be f(12). Suppose 0 = -i*o - o - 3*r + 212, o + 3*r = 52. Is o a multiple of 20?
True
Suppose 4*o = 10 + 54. Suppose 0 = -2*v + 3*v - o. Suppose -2*u = -0 - v. Does 3 divide u?
False
Suppose -38 - 34 = -2*l - 2*c, -5*l + 220 = -5*c. Does 8 divide l?
True
Suppose 2*x + 5 = -3. Let o be (x/6)/(1/(-96)). Let u = o + -32. Does 16 divide u?
True
Let a(c) = -4*c - 4. Let h be a(-6). Let p = 35 - h. Does 10 divide p?
False
Does 13 divide 392/6 + (-3)/9?
True
Let g be (-52)/(-6) - (-1)/3. Let f(s) = -16*s - 5 + 5*s**2 - 4*s**2 + 1 + 8*s. Does 3 divide f(g)?
False
Let j = 10 + -17. Let f(x) = -5*x**3 - 7*x**2 + 3*x + 2. Let b(r) = -4*r**3 - 7*r**2 + 2*r + 3. Let d(z) = 4*b(z) - 3*f(z). Does 7 divide d(j)?
False
Suppose 2*q + 2*q - 12 = 0. Let i = q + 4. Is i a multiple of 7?
True
Suppose 0 = y - 5*n - 26, 3*y - 3*n = 26 + 88. Let h = -29 + y. Is 4 a factor of h?
True
Let x(r) = 22*r**2 - 4*r + 4. Is x(3) a multiple of 19?
True
Suppose 86 + 134 = 5*q. Is 8 a factor of q?
False
Suppose -2*j + 4 = -0*j. Let l = j + 15. Is l a multiple of 5?
False
Let n(h) = 26*h + 12. Let c(x) be the first derivative of 9*x**2/2 + 4*x - 2. Let r(w) = 11*c(w) - 4*n(w). Does 6 divide r(-3)?
False
Suppose 4*a + 214 = 4*w + w, 4*a = -4. Does 2 divide w?
True
Let y(t) = -t + 2*t**3 + 6*t**3 - 4 + 10*t**2 - 7*t**3. Is 34 a factor of y(-9)?
False
Let u(y) = -3*y - 5. Let b be u(-4). Let k(l) = 7*l**2 + 6*l**2 - 5*l + 5 - l**3 - 5*l**2. Is 12 a factor of k(b)?
False
Let z(g) = g**3 + 4*g**2 + 2*g - 2. Let u be z(-3). Suppose 1 = -0*b + b. Is 19 a factor of 76/(b + u)*1?
True
Let b be ((-16)/(-3))/4*3. Suppose -12 = -b*c + c. Suppose -36 = -c*v + v. Is v a multiple of 8?
False
Suppose -7 = -2*l + 3. Suppose -b + l*b - 56 = 0. Suppose u - 2*u = -b. Does 14 divide u?
True
Let g(l) = l - 1. Let t be g(1). Does 19 divide 29 + t/(6/(-3))?
False
Let j(i) be the third derivative of -i**6/60 - i**5/12 - i**4/6 + i**3/3 + 5*i**2. Does 19 divide j(-4)?
False
Suppose 0 = 3*i - 5 - 7. Is 23 a factor of 351/12 + (-1)/i?
False
Is 2 a factor of (11/5 + -1)/(20/150)?
False
Let s be 1/((10/6)/5). Suppose 47 = r - 4*h, 5*r - s*h - 2*h - 205 = 0. Is 13 a factor of r?
True
Suppose t + 2*t = 0. Suppose -30 = -6*h - t*h. Does 5 divide h?
True
Let w(c) = -c + 1. Let i(s) = 8*s + 2. Let k(q) = -i(q) - 12*w(q). Does 26 divide k(10)?
True
Let b = -9 + 16. Suppose 2*j - b = 25. Is j a multiple of 8?
True
Suppose 0 = -0*v - 5*v - 35. Let k = 12 + v. Suppose -k*d + 4*a = -59 + 11, -5*a + 30 = 5*d. Is 8 a factor of d?
True
Suppose -5*u + 1138 + 17 = 0. Is u a multiple of 32?
False
Let g(q) = q + 9. Is 2 a factor of g(-6)?
False
Suppose -2*x = -4*y - 0*y + 468, 0 = 3*y + x - 361. Is y a multiple of 15?
False
Let n(a) be the second derivative of -a**4/12 - 2*a**3/3 - a**2 - 4*a. Let h be n(-4). Is (-54)/(h - 0) - 1 a multiple of 10?
False
Let j(o) = 47*o**2 - 2. Is 5 a factor of j(-1)?
True
Is 10 a factor of 892/16 + 1/4?
False
Let b = -3 - -2. Let k = -2 - b. Let w(f) = -29*f + 1. Is w(k) a multiple of 11?
False
Suppose 2*q + 5 = -17. Let d = q - -25. Suppose -4*l + 43 = 3*s, s = -l + d - 2. Is l a multiple of 7?
True
Let k = 156 - 111. Is k a multiple of 10?
False
Suppose -4*f + 2 + 22 = 0. Suppose 0 = t - f*t. Let x = 3 + t. Is x a multiple of 3?
True
Let f be 6*(-3)/(-6) + -5. Let r be 4/(-8) - 3/f. Suppose 5*q - 26 = 4*z, q - 6*z = -z + r. Does 3 divide q?
True
Is ((-18)/4)/(-2 + (-394)/(-200)) a multiple of 30?
True
Suppose -42 = -4*d + 82. Is d a multiple of 24?
False
Let j(k) = -10*k + 3. Let l(t) = -3*t + 1. Let g(f) = -2*j(f) + 7*l(f). Let i be g(1). Suppose 5*r - 83 + 3 = i. Does 11 divide r?
False
Suppose 3*w - 14 = 31. Suppose y - w + 0 = 2*v, 3*y = -v + 45. Does 15 divide y?
True
Let t be 7 - 2/(-1)*-1. Suppose t*b - 7 + 2 = 0. Let p(k) = 16*k**3. Is 8 a factor of p(b)?
True
Suppose 0 = -5*r - l + 21, 2*l + l + 12 = 0. Suppose r*d - g - 71 = 0, -2*d - g + 11 + 16 = 0. Is d a multiple of 9?
False
Suppose 0*w = -a + 2*w, 5*w - 10 = 0. Suppose 6*n - 4*i - 16 = n, i = -4. Is 39 + n - (a + -2) a multiple of 22?
False
Let r = -2 + 1. Let m be (r - -2)*0/1. Let x(z) = z**2 + 13. Does 13 divide x(m)?
True
Let o(b) = -b**3 + 4*b**2 - 4*b + 3. Let p be o(3). Suppose -3*u + 2*u + 6 = p. Does 6 divide u?
True
Suppose -3*a + 60 = 3*a. Is a even?
True
Suppose -5 = 5*r - 15. Suppose -10 = -r*d + 22. Is d a multiple of 13?
False
Let f = 3 + -2. Suppose -2*s - s = 3. Is (-1)/s - (-51)/f a multiple of 18?
False
Is 34/6 - 2/3 a multiple of 4?
False
Let g(t) = -t - 4. Let x be g(0). Is 7 a factor of 12 - (2 + x + 3)?
False
Let o be -1 + (-9)/(-6)*-14. Let g = -16 - o. Does 5 divide g?
False
Suppose -5*f + 5 = -10. Suppose -n + 5*n = f*h - 57, -h + n = -19. Does 10 divide h?
False
Suppose 0 = 7*q - 14*q + 119. Does 4 divide q?
False
Let i = 53 + -31. Is 5 a factor of i?
False
Let n be 3/(-2)*(-104)/6. Suppose 0*b = b - n. Does 12 divide b?
False
Suppose 0 = -3*y + 6*y + 5*t - 21, 3*y = 2*t. Suppose -4*h - y*o = -37 - 51, -3*o = 3*h - 69. Does 21 divide h?
True
Suppose 3*s - 138 = 2*u, 0*u - u - 3 = 0. Is 11 a factor of s?
True
Let m(p) = 2*p**2 - 3*p - 7. Let x be m(5). Suppose -4*i + 76 = x. Does 12 divide i?
True
Let f be 0/(-2 - 1*-4). Is 8 a factor of (29 - f) + 1 + -2?
False
Let o(i) = 118*i + 10. Is 14 a factor of o(3)?
True
Suppose -5*k = -3*n - 235, -n + 5*n + 94 = 2*k. Is 22 a factor of k?
False
Suppose -4*c + 12 = 4*k - 8, 5*k - 4*c = -11. Suppose 0 = -2*h - k + 13. Is h a multiple of 3?
True
Let g(o) = o**2 + 12*o + 4. Let m be g(-12). Let k be ((-4)/(-6))/(2/6). Let h = m + k. Does 3 divide h?
True
Let k(s) = -s**3 + s**2 + 2. Let u be k(0). Let v = u + 2. Suppose -5*h = 4*w - 106, v*h = 7*h - 4*w - 38. Is h a multiple of 17?
False
Let v = 6 + -1. Suppose -2*a + 4*h = -4*a + 6, -3*a + 9 = -v*h. Suppose -4*x = 4*t - 72, 6 = -t + 2*x + a*x. Does 14 divide t?
True
Let w = -13 + 55. Is w a multiple of 21?
True
Suppose -9*m = -4*m. Let c = 30 + 32. Suppose m = -4*q + c + 14. Does 8 divide q?
False
Does 26 divide 1337/13 - (-12)/78?
False
Suppose 4*p = 6*p - 1582. Suppose 5*c = -3*a + 2055, 3*c = 5*c - 5*a - p. Is ((-2)/(-3))/(16/c) a multiple of 7?
False
Let h(p) = p**2 + 1. Let b(m) = -m**2 + 8*m - 6. Let d be b(7). Let x be h(d). Suppose x*n = -n + 60. Is n a multiple of 10?
True
Let l = -66 - 12. Let i be l/(-9)*(-3)/(-2). Suppose -i + 1 = -3*g. Is g a multiple of 2?
True
Let c be (-3908)/44 + (-2)/11. Let t = c + 158. Does 23 divide t?
True
Let k be ((-6)/(-9))/((-1)/(-6)). Suppose 0*g - 16 = k*g. Is 9 a factor of (0 - 30/8)*g?
False
Let v(r) = 2*r**3 - r**3 + 5*r + 2 - 8*r**2 - 4*r. Let j be v(8). Suppose -j = -k - 4*k. Does 2 divide k?
True
Suppose -w = -k - 3, 3*k + k = 3*w - 7. Let u be 7/k*(-4 - 0). Let z = 20 